{"id":24,"date":"2022-07-29T18:25:23","date_gmt":"2022-07-29T19:25:23","guid":{"rendered":"http:\/\/127.0.0.1\/wordpress\/?page_id=24"},"modified":"2024-01-21T09:27:19","modified_gmt":"2024-01-21T10:27:19","slug":"fuehrungen","status":"publish","type":"page","link":"https:\/\/turmhofer-pochwerksrad.de\/?page_id=24","title":{"rendered":"F\u00fchrungen"},"content":{"rendered":"\t\t<div data-elementor-type=\"wp-page\" data-elementor-id=\"24\" class=\"elementor elementor-24\">\n\t\t\t\t\t\t<section class=\"elementor-section elementor-top-section elementor-element elementor-element-97f4a34 elementor-section-boxed elementor-section-height-default elementor-section-height-default\" data-id=\"97f4a34\" data-element_type=\"section\">\n\t\t\t\t\t\t<div class=\"elementor-container elementor-column-gap-default\">\n\t\t\t\t\t<div class=\"elementor-column elementor-col-50 elementor-top-column elementor-element elementor-element-18a7744\" data-id=\"18a7744\" data-element_type=\"column\">\n\t\t\t<div class=\"elementor-widget-wrap elementor-element-populated\">\n\t\t\t\t\t\t<div class=\"elementor-element elementor-element-115b7b1 elementor-widget elementor-widget-text-editor\" data-id=\"115b7b1\" data-element_type=\"widget\" data-widget_type=\"text-editor.default\">\n\t\t\t\t<div class=\"elementor-widget-container\">\n\t\t\t\t\t\t\t\t\t<p>F\u00fchrungen sind m\u00f6glich f\u00fcr Gruppen ab 5 Personen. Der Radstubenkomplex kann in Wanderbekleidung besichtigt werden. Schutzhelme und Regenumhang werden gestellt. Die F\u00fchrung dauert zwischen 30&#8230;60 min.<\/p><p>F\u00fcr den Besuch der Anlage fallen keine Eintrittspreise an. Wir w\u00fcrden uns jedoch freuen, wenn Sie unsere Arbeit zur Instandhaltung dieses technischen Denkmales mit eine Spende unterst\u00fctzen w\u00fcrden.<\/p><p>Besuche k\u00f6nnen \u00fcber unser <a title=\"Kontakt\" href=\"https:\/\/turmhofer-pochwerksrad.de\/?page_id=23\">Kontaktformular<\/a> vereinbart werden oder unter:<\/p><ul><li>Telefon:<ul><li>0162 2706643 (Gerthold Thalheim)<\/li><li>0172 8896254 (Stefan Thiem)<\/li><\/ul><\/li><li>kontakt@turmhofer-pochwerksrad.de<\/li><\/ul>\t\t\t\t\t\t\t\t<\/div>\n\t\t\t\t<\/div>\n\t\t\t\t\t<\/div>\n\t\t<\/div>\n\t\t\t\t<div class=\"elementor-column elementor-col-50 elementor-top-column elementor-element elementor-element-830ee60\" data-id=\"830ee60\" data-element_type=\"column\">\n\t\t\t<div class=\"elementor-widget-wrap elementor-element-populated\">\n\t\t\t\t\t\t<div class=\"elementor-element elementor-element-f1ac5dd elementor-widget elementor-widget-image\" data-id=\"f1ac5dd\" data-element_type=\"widget\" data-widget_type=\"image.default\">\n\t\t\t\t<div class=\"elementor-widget-container\">\n\t\t\t\t\t\t\t\t\t\t\t\t\t\t\t<img decoding=\"async\" src=\"https:\/\/turmhofer-pochwerksrad.de\/wp-content\/uploads\/elementor\/thumbs\/gaestefuehrung-psko0ptouth1i938ks4rqn82djnz46qmsd2lckacjm.jpg\" title=\"gaestefuehrung\" alt=\"Besuchergruppe\" loading=\"lazy\" \/>\t\t\t\t\t\t\t\t\t\t\t\t\t\t\t<\/div>\n\t\t\t\t<\/div>\n\t\t\t\t\t<\/div>\n\t\t<\/div>\n\t\t\t\t\t<\/div>\n\t\t<\/section>\n\t\t\t\t<\/div>\n\t\t","protected":false},"excerpt":{"rendered":"<p>F\u00fchrungen sind m\u00f6glich f\u00fcr Gruppen ab 5 Personen. Der Radstubenkomplex kann in Wanderbekleidung besichtigt werden. Schutzhelme und Regenumhang werden gestellt. Die F\u00fchrung dauert zwischen 30&#8230;60 min. F\u00fcr den Besuch der Anlage fallen keine Eintrittspreise an. Wir w\u00fcrden uns jedoch freuen, wenn Sie unsere Arbeit zur Instandhaltung dieses technischen Denkmales mit eine Spende unterst\u00fctzen w\u00fcrden. Besuche [&hellip;]<\/p>\n","protected":false},"author":1,"featured_media":0,"parent":0,"menu_order":0,"comment_status":"closed","ping_status":"closed","template":"","meta":{"footnotes":""},"class_list":["post-24","page","type-page","status-publish","hentry"],"aioseo_notices":[],"_links":{"self":[{"href":"https:\/\/turmhofer-pochwerksrad.de\/index.php?rest_route=\/wp\/v2\/pages\/24","targetHints":{"allow":["GET"]}}],"collection":[{"href":"https:\/\/turmhofer-pochwerksrad.de\/index.php?rest_route=\/wp\/v2\/pages"}],"about":[{"href":"https:\/\/turmhofer-pochwerksrad.de\/index.php?rest_route=\/wp\/v2\/types\/page"}],"author":[{"embeddable":true,"href":"https:\/\/turmhofer-pochwerksrad.de\/index.php?rest_route=\/wp\/v2\/users\/1"}],"replies":[{"embeddable":true,"href":"https:\/\/turmhofer-pochwerksrad.de\/index.php?rest_route=%2Fwp%2Fv2%2Fcomments&post=24"}],"version-history":[{"count":28,"href":"https:\/\/turmhofer-pochwerksrad.de\/index.php?rest_route=\/wp\/v2\/pages\/24\/revisions"}],"predecessor-version":[{"id":1015,"href":"https:\/\/turmhofer-pochwerksrad.de\/index.php?rest_route=\/wp\/v2\/pages\/24\/revisions\/1015"}],"wp:attachment":[{"href":"https:\/\/turmhofer-pochwerksrad.de\/index.php?rest_route=%2Fwp%2Fv2%2Fmedia&parent=24"}],"curies":[{"name":"wp","href":"https:\/\/api.w.org\/{rel}","templated":true}]}}